13, what is -4 - -21?
1a
In base 13, what is a1 - -4?
a5
In base 2, what is 110 + -111101?
-110111
In base 15, what is 0 - -3d?
3d
In base 8, what is -40 + -2?
-42
In base 5, what is 10 - -342?
402
In base 15, what is -4e - 0?
-4e
In base 2, what is -11 + -1100?
-1111
In base 12, what is 6038 + 0?
6038
In base 3, what is 11 - 1120?
-1102
In base 13, what is -1a0 - -26?
-177
In base 10, what is 1434 + -3?
1431
In base 5, what is 32 + 14?
101
In base 5, what is 204333 - 4?
204324
In base 10, what is -2588 - 3?
-2591
In base 9, what is -483 - 5?
-488
In base 5, what is 102 + -21?
31
In base 10, what is 49 + 161?
210
In base 11, what is -a7 + -4?
-100
In base 10, what is -117 + -8?
-125
In base 5, what is 111 - 10?
101
In base 13, what is 2 + -8?
-6
In base 11, what is 1 - -10?
11
In base 7, what is 42 - -26?
101
In base 13, what is 103 - -1?
104
In base 11, what is -1 + -944?
-945
In base 5, what is -11 - -2010?
1444
In base 7, what is 103 - -10?
113
In base 16, what is d + -b?
2
In base 12, what is -43 - b?
-52
In base 2, what is 1000001110 - 101?
1000001001
In base 10, what is 4 + 64?
68
In base 8, what is -60747 - 4?
-60753
In base 12, what is 27 - -5?
30
In base 11, what is 20 - 67?
-47
In base 6, what is -4414 - -3?
-4411
In base 3, what is 1210101 + 1?
1210102
In base 3, what is 12 - -101211?
102000
In base 14, what is 164c6 + 5?
164cb
In base 2, what is 11000 + -1001000?
-110000
In base 5, what is -4 - -2041?
2032
In base 8, what is 7 - 5?
2
In base 5, what is -22 - 204?
-231
In base 12, what is 2 - -163?
165
In base 12, what is -2 - 845?
-847
In base 13, what is 59 + 5?
61
In base 11, what is 429 + -1?
428
In base 6, what is -15 + -52?
-111
In base 6, what is 20 - -33?
53
In base 5, what is 14 - -124411?
124430
In base 16, what is -4 - -117?
113
In base 12, what is 2 - 1a?
-18
In base 14, what is -109 + 45?
-a4
In base 4, what is -3 + -11?
-20
In base 2, what is -100001 - -1000110?
100101
In base 8, what is 1001 + -12?
767
In base 13, what is 49 + -4?
45
In base 7, what is -655 - 21?
-1006
In base 7, what is -11 + -113?
-124
In base 13, what is 2 + 6?
8
In base 7, what is -1226 + -4?
-1233
In base 14, what is -28d + -6?
-295
In base 2, what is -111 - 101100101?
-101101100
In base 11, what is 5 - -116?
120
In base 11, what is 3 - -155?
158
In base 9, what is -8318 + 0?
-8318
In base 11, what is -56 + 2?
-54
In base 15, what is 39 - 15?
24
In base 5, what is 3 - 13?
-10
In base 5, what is 413 - -10?
423
In base 4, what is -10 + -1220111?
-1220121
In base 15, what is -5 - -561?
55b
In base 15, what is 10a - -3?
10d
In base 6, what is -125 - -1410?
1241
In base 2, what is 100100111 + -101?
100100010
In base 16, what is f0 + 4?
f4
In base 11, what is 1 - 52?
-51
In base 15, what is 13d9 + 9?
13e3
In base 4, what is 11 - -1121230?
1121301
In base 14, what is 18 + 1?
19
In base 7, what is -2 - 121?
-123
In base 12, what is 9 - -4a?
57
In base 4, what is 12 + -113?
-101
In base 7, what is -11501 - -4?
-11464
In base 11, what is -a + 11?
2
In base 4, what is 12 - -32132?
32210
In base 12, what is -3 - 53?
-56
In base 12, what is 13 + 29b?
2b2
In base 3, what is 12 - 101121?
-101102
In base 9, what is -2 + 173?
171
In base 5, what is -230 - 20?
-300
In base 5, what is 2 - 4312?
-4310
In base 14, what is -d - 254?
-263
In base 2, what is 11 + 11100?
11111
In base 6, what is -25102 + 0?
-25102
In base 5, what is 10 + 134?
144
In base 7, what is -1163 - 3?
-1166
In base 15, what is 68 + 3?
6b
In base 10, what is -20 + -40?
-60
In base 11, what is 95 + 4?
99
In base 9, what is 2537 + 0?
2537
In base 3, what is 22100 + 222?
100022
In base 9, what is -3 + 164?
161
In base 14, what is -55 + -13?
-68
In base 13, what is -6 + -95?
-9b
In base 5, what is 223424 + -3?
223421
In base 9, what is 142 - -18?
161
In base 5, what is -401 + 23?
-323
In base 15, what is -17 + -1?
-18
In base 14, what is 277 + -4?
273
In base 16, what is 54e - 5?
549
In base 13, what is 21 - -8?
29
In base 15, what is -b4 - -1?
-b3
In base 9, what is 373 - -3?
376
In base 6, what is -24 + -43?
-111
In base 10, what is 25 - 7?
18
In base 2, what is -1 + -10111001101?
-10111001110
In base 16, what is -99d4 + -3?
-99d7
In base 11, what is 5 + 131?
136
In base 3, what is -122 - 2021?
-2220
In base 9, what is 7 - 7734?
-7726
In base 5, what is -10 - 33134?
-33144
In base 3, what is -2211 - 11?
-2222
In base 13, what is 2 - -18?
1a
In base 8, what is 3015 - 0?
3015
In base 5, what is 10131 + 1?
10132
In base 10, what is -12 - 7?
-19
In base 10, what is -1 + 299?
298
In base 7, what is 5465 + -1?
5464
In base 9, what is 74 + 4?
78
In base 15, what is 865 + 5?
86a
In base 7, what is 13 + -15?
-2
In base 11, what is -3 - 516?
-519
In base 16, what is 1 - -b1a?
b1b
In base 9, what is 3 + -125?
-122
In base 6, what is -3 - -3051?
3044
In base 15, what is ac - -4?
b1
In base 8, what is -1170 + -5?
-1175
In base 16, what is -79 - -22?
-57
In base 9, what is 0 - -103?
103
In base 13, what is -349 - -3?
-346
In base 5, what is 3 - -22240?
22243
In base 16, what is -18a + -2?
-18c
In base 8, what is 320 + 2?
322
In base 9, what is -85 - -4?
-81
In base 10, what is 13 + 4?
17
In base 2, what is 100100111 + 101?
100101100
In base 12, what is -7 - 110?
-117
In base 7, what is -13 - -5?
-5
In base 4, what is 2002 - 2?
2000
In base 3, what is -211012211 - 10?
-211012221
In base 6, what is 123 + 5?
132
In base 16, what is 2e + a0?
ce
In base 13, what is -101a + -a?
-1027
In base 4, what is 0 - -100320?
100320
In base 5, what is -2230 + -41?
-2321
In base 2, what is -100101 - 100001?
-1000110
In base 11, what is -17 - 34?
-50
In base 10, what is 153 + 5?
158
In base 12, what is -7 + -b56?
-b61
In base 12, what is 145 - 4?
141
In base 10, what is 16 - 3?
13
In base 10, what is -7 + -1043?
-1050
In base 10, what is 4 + 78?
82
In base 7, what is -25 - 35?
-63
In base 4, what is -12033 - -30?
-12003
In base 15, what is a - 82c?
-822
In base 10, what is -1807 + -5?
-1812
In base 16, what is 0 - 1c1?
-1c1
In base 2, what is 0 + -111010000100?
-111010000100
In base 15, what is b - 3?
8
In base 8, what is 12 - -1065?
1077
In base 7, what is -300 - -4?
-263
In base 2, what is 0 + -101110?
-101110
In base 4, what is -2020 - 11?
-2031
In base 3, what is 10 + -2110?
-2100
In base 12, what is 1 - -179?
17a
In base 7, what is 55 - 2?
53
In base 2, what is -101001 + -101010001?
-101111010
In base 15, what is 92 - 12?
80
In base 3, what is -1102112 - 12?
-1102201
In base 11, what is a7 - 0?
a7
In base 15, what is -105 + 7?
-ed
In base 4, what is 11 + 100?
111
In base 8, what is -364 + -3?
-367
In base 4, what is 1310323 - 0?
1310323
In base 12, what is 5 + -3b?
-36
In base 9, what is -2 + -2387?
-2400
In base 8, what is 0 - -100?
100
In base 3, what is -10 + 2211?
2201
In base 14, what is -175 + 6?
-16d
In base 8, what is 0 - -413?
413
In base 13, what is -6 - -4?
-2
In base 10, what is -4925 - -5?
-4920
In base 9, what is -16 + 6?
-10
In base 3, what is 10000 + -202?
2021
In base 12, what is 1 + -2338?
-2337
In base 15, what is 0 + -b6?
-b6
In base 3, what is 22022 + 221?
100020
In base 14, what is 5 + 120?
125
In base 5, what is 2 - -1233?
1240
In base 4, what is 21 - 33?
-12
In base 6, what is -232 + -300?
-532
In base 4, what is -32 + -3?
-101
In base 8, what is 26 + 130?
156
In base 8, what is 0 - 204?
-204
In base 10, what is -78 - 6?
-84
In base 14, what is 44c + 5?
453
In base 4, what is 2 + -10?
-2
In base 12, what is 555 - -1?
556
In base 8, what is -25 + -6?
-33
In base 7, what is 1 - -401?
402
In base 15, what is 7 + 8?
10
In base 11, what is 0 - 49?
-49
In base 8, what is 4 - -26?
32
In base 12, what is -9 - -47?
3a
In base 11, what is -1 + -138?
-139
In base 14, what is -134 + 6?
-12c
In base 11, what is -4 + 88?
84
In base 6, what is -1213 + 3?
-1210
In base 10, what is -56 + -52?
-108
In base 15, what is -7 - -15?
d
In base 6, what is 5 - 4203?
-4154
In base 5, what is -34140 - 1?
-34141
In base 7, what is -115 + -4?
-122
In base 3, what is 1210222 + -11?
1210211
In base 14, what is d - -2?
11
In base 9, what is 256 - -16?
273
In base 12, what is a - 1?
9
In base 6, what is 150 - -13?
203
In base 3, what is 1001 + 1?
1002
In base 2, what is 101 + -1011001110?
-1011001001
In base 6, what is -4 - -222?
2